f g.
3, 11, 23
Let k(n) = 441*n**2 - 17*n + 6. List the prime factors of k(5).
2, 13, 421
Let g(h) = 10273*h + 457. List the prime factors of g(1).
2, 5, 29, 37
Let p(m) = -1 - 18 + 7*m**2 - 83*m + 91*m. What are the prime factors of p(-6)?
5, 37
Let f = -129 - -135. Suppose -623 - 1747 = -f*p. List the prime factors of p.
5, 79
Let n(v) be the third derivative of v**6/120 + 7*v**5/60 - v**4/12 + 2*v**3/3 - 6*v**2 - 5*v. Let m be (-2)/(-1*(-2)/7). What are the prime factors of n(m)?
2, 3
Suppose 0*l + 17704 = 2*f + 3*l, -2*f - l = -17700. List the prime factors of f.
8849
Let r be 3*(-1)/2 - 973/(-14). Suppose 2*a - r = 6*a. Let k = a - -53. List the prime factors of k.
2, 3
Suppose 5*a + 3*x - 20411 = 0, -4*a - 5*x + 1526 + 14808 = 0. What are the prime factors of a?
7, 11, 53
Let n(z) = 38*z - 22. Let w be n(1). Let h(g) = g**3 - 14*g**2 + 17*g + 32. List the prime factors of h(w).
2, 3, 17
Let h = 31266 + -17815. List the prime factors of h.
13451
Let c be 1871 - (-1 - (-1 + -1)). Suppose w - 3*j = 778, -4*w + 2*j = -c - 1212. List the prime factors of w.
769
Let l(a) = -a**3 + 6*a**2 + 10*a - 16. Let r be l(8). Let v = r + -239. List the prime factors of v/(-3)*(0 - 4 - -5).
101
Let z be (-2)/(-3) - (-41900)/60. Let h = 728 - z. List the prime factors of h.
29
Let a = 1083 + -1091. Let b(f) be the first derivative of 4*f**3/3 + 3*f**2 - 26*f - 1. List the prime factors of b(a).
2, 7, 13
Suppose 4*h - 2*y - 269270 = 0, 3*h = 5*y + 5089 + 196846. List the prime factors of h.
2, 3, 5, 11, 17
Let z(b) = 19*b - 226. Let d be z(12). Suppose 0 = -d*o + 3*o + 5*g - 504, 0 = 3*o - g - 1576. List the prime factors of o.
2, 131
Suppose -203 = 4*u - 35. Let d = -27 - u. Suppose h + 3*l = 23 + d, l - 81 = -2*h. What are the prime factors of h?
41
Suppose 3425 = 7*k - 13606. Suppose 4*n = -3*g + 1457, 5*g - n - k = -3*n. What are the prime factors of g?
487
Suppose -27*a - 1088442 = -78*a. What are the prime factors of a?
2, 3, 3557
Suppose 2*p - p = 916. Let v = -644 + p. Suppose v = 3*a + a. What are the prime factors of a?
2, 17
Let p(c) = -1124*c - 3. Let r be p(-1). Let i = -775 + r. List the prime factors of i.
2, 173
Let p = -7293 - -29916. List the prime factors of p.
3, 7541
Let a(h) = -h**2 + 24*h - 46. Let p(i) = i**2 - 24*i + 45. Let j(v) = -5*a(v) - 6*p(v). Let u be j(22). List the prime factors of ((-13)/20 + u/10)*-452.
113
Let m = 3933 - -133. What are the prime factors of m?
2, 19, 107
Suppose -184*p + 218*p - 1258986 = 0. List the prime factors of p.
3, 12343
Suppose -2*j = -8*s + 3*s + 29, -s + 5 = 0. Let g(a) = -32*a**3 + 4*a**2 + 9*a + 9. What are the prime factors of g(j)?
263
Suppose -14*a + 1223 - 1125 = 0. Let w(l) = 8 + 7*l - 1 - 1 - l**2. What are the prime factors of w(a)?
2, 3
Let q(w) = w**2 - w. Let l(j) = -17*j**3 - 9*j**2 + 22*j + 42. Let b(u) = l(u) + 6*q(u). What are the prime factors of b(-4)?
2, 509
Let p be (-249)/(-15) - (3 + (-17)/5). Let q be -1 + 3 - 612/p. Let y = -25 - q. What are the prime factors of y?
3
Let s(j) = 4*j**3 - 4*j**2 - 10*j - 3. Let d be s(4). Let w = 294 + d. List the prime factors of w.
443
Let g(v) = -5*v**3 - 32*v**2 - 88*v + 66. Let h(i) = -i**3 - 8*i**2 - 22*i + 16. Let y(m) = 2*g(m) - 9*h(m). What are the prime factors of y(9)?
3, 5, 7
Suppose -4 = -6*d + 2*d, -3*d = 4*u - 15. Suppose -1044 = -3*q + 2*b + 967, -2*q - u*b + 1319 = 0. What are the prime factors of q?
23, 29
Let p = 13424 + -5078. List the prime factors of p.
2, 3, 13, 107
Suppose -23855 = -118*d + 115*d - g, -5*d + 2*g = -39773. List the prime factors of d.
3, 11, 241
Suppose 2*q + 2*q + i + 423 = 0, i = -5*q - 530. Let b = 180 - q. What are the prime factors of b?
7, 41
Let b = 92 + -130. Let l be ((-4)/(-3)*-129)/(-7 - -5). Let m = b + l. List the prime factors of m.
2, 3
Let g(d) be the third derivative of -d**7/420 + 13*d**6/720 - 7*d**5/60 - 21*d**2. Let t(m) be the third derivative of g(m). List the prime factors of t(-4).
61
Let w = 5173 + -762. What are the prime factors of w?
11, 401
Let p(o) = -2*o + 64. Let f be p(17). What are the prime factors of ((-296)/12*-2)/(4/f)?
2, 5, 37
Let o(l) = 6*l**2 - 5*l + 14. Let j be o(12). Suppose -8*a + j = -6*a. List the prime factors of a.
409
Suppose -4*u + 0*u + 44 = -4*n, 34 = 2*u + n. Let r(z) = 20*z + 107. List the prime factors of r(u).
11, 37
Suppose 4*o - 27 = -19. Let l(k) = 112*k**3 - 5*k**2 + 9*k - 12. List the prime factors of l(o).
2, 3, 7
Suppose a = -2*l - 8, -3*a + l + 13 = a. Let r be 3/a - 1 - 26/(-4). Suppose -5*m - r = -312. List the prime factors of m.
61
Let y(o) = o**3 + 5*o**2 + 5*o + 2. Let k be y(-2). Let t be (-18)/((k - 8)/2). Suppose t*x + 76 = 688. List the prime factors of x.
2, 17
Let c = 25 + 15. Suppose -4*l = 3*h + c, 3*l + 19 = 5*h - 11. What are the prime factors of (-916)/(-8) - (l/(-4) - 2)?
2, 3, 19
Suppose z - 446 + 119 = 0. Let w = z + 53. Suppose 6*q - w = q. List the prime factors of q.
2, 19
Let h = 112349 - 65395. What are the prime factors of h?
2, 17, 1381
Suppose 13*g = 35 + 4. Suppose 0 = -2*o + 6*l - 2*l + 2348, 0 = -g*o + 2*l + 3522. List the prime factors of o.
2, 587
List the prime factors of 4*(-30)/(-48)*14/5 - -26948.
3, 5, 599
Let t(n) = -n - 4. Let j be t(-7). Suppose -g - j*w = -162, 0 = 2*w + w. Suppose -5*d = -g + 52. List the prime factors of d.
2, 11
Let c be 1/(-1 - 2 - -2). Let g = c + 4. Let k = g + 47. List the prime factors of k.
2, 5
Let w(i) = i**2 + 11*i + 844. What are the prime factors of w(89)?
2, 3, 7, 29
Let f(g) be the second derivative of 13*g**4/12 + 2*g**3/3 + g**2 - g. Let y be 6/(-4) + 27/(-54). What are the prime factors of f(y)?
2, 23
Let q(w) = -2*w - 13. Let t be q(-8). Suppose -t*p = -2*g + 74, -4*g + 208 = g + 4*p. Suppose g = 3*i - 62. What are the prime factors of i?
2, 17
Let v(q) = 41*q**2 - 5*q - 6. Let n(u) = -u. Let y(w) = 2*n(w) + v(w). Let p be y(-7). Suppose -3*m - 9*m = -p. List the prime factors of m.
3, 19
Suppose 4*d = 3*h - 11643 + 1732, -2*h = -d - 6604. What are the prime factors of h?
3301
Let j(r) = 2*r**3 + 2*r**2 - 29*r + 56. Let b be j(2). Suppose 0 = b*s - 38*s + 16720. What are the prime factors of s?
5, 11, 19
Let m be 26 - ((-30)/(-5) + -2). Suppose 44 = 4*w + 5*t, 3*t - t - m = -2*w. What are the prime factors of w?
11
Let k(c) = 142*c**3 + 11*c**2 + 196*c - 955. List the prime factors of k(5).
2, 5, 19
Suppose -3*d + 236481 = -5*f, 55695 + 101944 = 2*d - 5*f. What are the prime factors of d?
2, 79, 499
Let g = 608 + -616. What are the prime factors of 3/2*(g + (-1616)/(-3))?
2, 199
Let d(h) = -h**2 - 14*h - 25. Let t(f) = 14*f. Let k be t(3). Suppose -6*l - k = -0*l. List the prime factors of d(l).
2, 3
Let n = 74 + -86. Let f be 36/(-45) - n/15. Suppose -r = -f*q - 4*q - 79, 2*q = 0. What are the prime factors of r?
79
Let z be ((-22)/(-66))/((-2)/(-12)). Let l(g) = 1 + 11*g - z*g + 8*g + 11*g. List the prime factors of l(2).
3, 19
Suppose -x + 70 = 2*f - 3*x, -3*f - 5*x = -65. Let q be f/8 - (-5)/4. List the prime factors of q/(-5)*-43*2.
2, 43
Let h be 1/((-1)/(-2)*6/321). Let x = h - 97. Suppose 2220 = x*r + 10*r. What are the prime factors of r?
3, 37
Let k be (938/8)/7 - 1/(-4). Suppose 616 = k*p - 2155. What are the prime factors of p?
163
Suppose -2*v + 4*h = -43684, -18*h + 21*h = -18. List the prime factors of v.
2, 5, 37, 59
Suppose 0 = -3505*l + 3512*l - 58121. What are the prime factors of l?
19, 23
List the prime factors of 10/55 - 2887444/308*1*-1.
3, 5
Let f(n) be the first derivative of -n**3/3 + 47*n**2/2 + 179*n - 4. What are the prime factors of f(50)?
29
Suppose 5*u - 43215 = 3*p, -2*p - 10228 + 1585 = -u. List the prime factors of u.
3, 43, 67
Let u = -32 + 24. Let y = u + 10. Suppose -y*s = -2*r - 0*r - 62, r = 0. What are the prime factors of s?
31
Suppose -3*t = -8*t + 10. Suppose 2*d - 1 = -u, -t*d = 2*u - 0*d. List the prime factors of u/((-30)/4) + (-36954)/(-270).
137
Let d = 50 - 52. Let h = 1 - d. Let x(n) = 44*n - 5. List the prime factors of x(h).
127
Suppose 7*p - 10 = 5*p. Suppose 0 = p*t - 2*b - 1098, -2*t = -b - 455 + 16. List the prime factors of t.
2, 5, 11
Suppose -3 + 13 = 2*b. Suppose -6 = -3*g + b*d - 60, 3*d = -5*g - 124. Let a = g - -228. What are the prime factors of a?
5, 41
Let k = -121 + -80. Let p = 430 + 